{"id":91,"date":"2020-04-18T19:21:18","date_gmt":"2020-04-18T17:21:18","guid":{"rendered":"http:\/\/pasjeoli.pl\/?page_id=91"},"modified":"2023-08-20T19:00:07","modified_gmt":"2023-08-20T17:00:07","slug":"gry-planszowe","status":"publish","type":"page","link":"https:\/\/pasjeoli.pl\/index.php\/gry-planszowe\/","title":{"rendered":"GRY PLANSZOWE"},"content":{"rendered":"\n<p>Wpisy oznaczone &#8222;Z mojej kolekcji&#8221; to takie gry planszowe, kt\u00f3re s\u0105 u mnie na p\u00f3\u0142ce, zakupione, wygrane, otrzymane w prezencie, kt\u00f3re lubi\u0119, chc\u0119 mie\u0107 w swojej kolekcji, ch\u0119tnie w nie gram i z przyjemno\u015bci\u0105 polec\u0119 je innym.<\/p>\n\n\n\n<h2 class=\"wp-block-heading\">Alfabetyczny spis opisanych gier z mojej kolekcji<\/h2>\n\n\n\n<p><a rel=\"noreferrer noopener\" href=\"https:\/\/pasjeoli.pl\/index.php\/2020\/04\/21\/7-smokow\/\" target=\"_blank\">7 smok\u00f3w<\/a><\/p>\n\n\n\n<p><a rel=\"noreferrer noopener\" href=\"https:\/\/pasjeoli.pl\/index.php\/2020\/04\/26\/alhambra-gra-kafelkowa\/\" target=\"_blank\">Alhambra<\/a><\/p>\n\n\n\n<p><a href=\"https:\/\/pasjeoli.pl\/index.php\/2020\/09\/20\/blue-moon-city-rzut-okiem\/\" target=\"_blank\" rel=\"noreferrer noopener\">Blue Moon City<\/a><\/p>\n\n\n\n<p><a rel=\"noreferrer noopener\" href=\"http:\/\/pasjeoli.pl\/index.php\/2020\/04\/18\/boarding\/\" target=\"_blank\">Boarding<\/a><\/p>\n\n\n\n<p><a href=\"http:\/\/pasjeoli.pl\/index.php\/2020\/04\/18\/carcassonne-mayflower\/\" target=\"_blank\" rel=\"noreferrer noopener\">Carcassonne: Mayflower<\/a><\/p>\n\n\n\n<p><a rel=\"noreferrer noopener\" href=\"http:\/\/pasjeoli.pl\/index.php\/2020\/04\/17\/century-korzenny-szlak\/\" target=\"_blank\">Century: Korzenny szlak<\/a><\/p>\n\n\n\n<p><a href=\"https:\/\/pasjeoli.pl\/index.php\/2021\/05\/08\/dolina-nilu-w-cieniu-piramid\/\" target=\"_blank\" rel=\"noreferrer noopener\">Dolina Nilu<\/a><\/p>\n\n\n\n<p><a aria-label=\"undefined (opens in a new tab)\" href=\"https:\/\/pasjeoli.pl\/index.php\/2020\/07\/25\/gram-z-granna\/\" target=\"_blank\" rel=\"noreferrer noopener\">Gram z Grann\u0105<\/a> czyli Kopciuszek, Cud mi\u00f3d, Dzie\u0144 Bobry i Jungle Boogie<\/p>\n\n\n\n<p><a href=\"https:\/\/pasjeoli.pl\/index.php\/2020\/05\/28\/gram-w-zielone\/\" target=\"_blank\" rel=\"noreferrer noopener\">Gram w zielone<\/a> czyli Sprytny lisek, Zjedz mnie! i Dolina kr\u00f3lik\u00f3w<\/p>\n\n\n\n<p><a href=\"https:\/\/pasjeoli.pl\/index.php\/2023\/08\/20\/hotel-rozlokuj-upiornych-gosci-w-hotelowych-pokojach\/\" target=\"_blank\" rel=\"noreferrer noopener\">Hotel<\/a> &#8211; rozlokuj upiornych go\u015bci w hotelowych pokojach<\/p>\n\n\n\n<p><a href=\"https:\/\/pasjeoli.pl\/index.php\/2021\/03\/28\/ishtar-ogrody-babilonu\/\" target=\"_blank\" rel=\"noreferrer noopener\">Ishtar &#8211; ogrody Babilonu<\/a> czyli jak si\u0119 wcieli\u0107 w budowniczego jednego z cud\u00f3w \u015bwiata<\/p>\n\n\n\n<p><a href=\"https:\/\/pasjeoli.pl\/index.php\/2020\/05\/10\/istanbul-gra-kosciana\/\" target=\"_blank\" rel=\"noreferrer noopener\">Istanbul &#8211; gra ko\u015bciana<\/a><\/p>\n\n\n\n<p><a rel=\"noreferrer noopener\" href=\"https:\/\/pasjeoli.pl\/index.php\/2020\/04\/22\/kingdomino-duel\/\" target=\"_blank\">Kingdomino Duel<\/a><\/p>\n\n\n\n<p><a rel=\"noreferrer noopener\" href=\"https:\/\/pasjeoli.pl\/index.php\/2020\/05\/18\/kosci-obfitosci-gra-roll-and-write\/\" target=\"_blank\">Ko\u015bci obfito\u015bci<\/a><\/p>\n\n\n\n<p><a href=\"https:\/\/pasjeoli.pl\/index.php\/2020\/10\/25\/kruki-podroz-przez-senna-kraine\/\" target=\"_blank\" rel=\"noreferrer noopener\">Kruki &#8211; podr\u00f3\u017c przez senn\u0105 krain\u0119<\/a><\/p>\n\n\n\n<p><a href=\"https:\/\/pasjeoli.pl\/index.php\/2020\/10\/04\/marrakech-gra-o-dywanach\/\" target=\"_blank\" rel=\"noreferrer noopener\">Marrakech<\/a><\/p>\n\n\n\n<p><a href=\"https:\/\/pasjeoli.pl\/index.php\/2020\/06\/08\/metro-gra-kafelkowa\/\" target=\"_blank\" rel=\"noreferrer noopener\">Metro<\/a><\/p>\n\n\n\n<p><a href=\"https:\/\/pasjeoli.pl\/index.php\/2020\/08\/31\/patchwork-gra-kafelkowa\/\" target=\"_blank\" rel=\"noreferrer noopener\">Patchwork<\/a><\/p>\n\n\n\n<p><a href=\"https:\/\/pasjeoli.pl\/index.php\/2020\/07\/05\/potworek-glodomorek\/\" target=\"_blank\" aria-label=\"undefined (opens in a new tab)\" rel=\"noreferrer noopener\">Potworek G\u0142odomorek<\/a><\/p>\n\n\n\n<p><a rel=\"noreferrer noopener\" href=\"https:\/\/pasjeoli.pl\/index.php\/2020\/04\/21\/rzuc-na-tace\/\" target=\"_blank\">Rzu\u0107 na tac\u0119<\/a><\/p>\n\n\n\n<p><a rel=\"noreferrer noopener\" href=\"https:\/\/pasjeoli.pl\/index.php\/2020\/10\/18\/sen-gra-karciana\/\" target=\"_blank\">Sen &#8211; gra karciana z kotami i krukami<\/a><\/p>\n\n\n\n<p><a href=\"https:\/\/pasjeoli.pl\/index.php\/2020\/11\/01\/smoki-gdy-sen-nawiedzaja-nie-tylko-kruki\/\" target=\"_blank\" rel=\"noreferrer noopener\">Smoki &#8211; gdy sen nawiedzaj\u0105 nie tylko kruki<\/a><\/p>\n\n\n\n<p><a href=\"https:\/\/pasjeoli.pl\/index.php\/2020\/04\/22\/spacer-po-burano\/\" target=\"_blank\" rel=\"noreferrer noopener\">Spacer po Burano<\/a><\/p>\n\n\n\n<p><a rel=\"noreferrer noopener\" href=\"https:\/\/pasjeoli.pl\/index.php\/2020\/04\/21\/sprytne-myszy\/\" target=\"_blank\">Sprytne myszy<\/a><\/p>\n\n\n\n<p><a href=\"https:\/\/pasjeoli.pl\/index.php\/2020\/08\/10\/sladami-phileasa-fogga\/\" target=\"_blank\" rel=\"noreferrer noopener\">\u015aladami Phileasa Fogga<\/a><\/p>\n\n\n\n<p><a href=\"https:\/\/pasjeoli.pl\/index.php\/2020\/11\/22\/tatsu-smoki-i-zywioly\/\" target=\"_blank\" rel=\"noreferrer noopener\">Tatsu<\/a> &#8211; smoki i \u017cywio\u0142y<\/p>\n\n\n\n<p><a rel=\"noreferrer noopener\" href=\"https:\/\/pasjeoli.pl\/index.php\/2020\/04\/21\/ubongo\/\" target=\"_blank\">Ubongo<\/a><\/p>\n\n\n\n<p><a href=\"https:\/\/pasjeoli.pl\/index.php\/2020\/05\/03\/ucieczka-z-lochu\/\" target=\"_blank\" rel=\"noreferrer noopener\">Ucieczka z lochu<\/a><\/p>\n\n\n\n<p><a rel=\"noreferrer noopener\" href=\"http:\/\/pasjeoli.pl\/index.php\/2020\/04\/18\/utopia\/\" target=\"_blank\">Utopia<\/a><\/p>\n\n\n\n<p><a href=\"https:\/\/pasjeoli.pl\/index.php\/2020\/05\/31\/zamek-kafelkowa-gra-dwuosobowa\/\" target=\"_blank\" rel=\"noreferrer noopener\">Zamek<\/a><\/p>\n\n\n\n<p><a href=\"http:\/\/pasjeoli.pl\/index.php\/2020\/04\/18\/yokai\/\" target=\"_blank\" rel=\"noreferrer noopener\">Y\u014dkai<\/a><\/p>\n\n\n\n<p><\/p>\n\n\n\n<h1 class=\"wp-block-heading\">&#8212;&#8212;&#8212;&#8212;&#8212;&#8212;&#8212;<\/h1>\n\n\n\n<p>Gry oznaczone &#8222;Po\u017cyczone&#8221; to gry, kt\u00f3rych nie ma w mojej kolekcji, ale kt\u00f3re chcia\u0142am pozna\u0107, pogra\u0107 w nie, przymierzy\u0107 si\u0119 do nich. Niekt\u00f3re by\u0107 mo\u017ce zasil\u0105 moje p\u00f3\u0142ki. Inne nigdy na nie nie trafi\u0105.<\/p>\n\n\n\n<p>A po\u017cycza\u0142am je z r\u00f3\u017cnych \u017ar\u00f3de\u0142:  biblioteka, rodzina, znajomi, kluby gier planszowych, poczta plansz\u00f3wkowa, wydawnictwa. <\/p>\n\n\n\n<h4 class=\"wp-block-heading\">Przegl\u0105d wpis\u00f3w o grach po\u017cyczonych<\/h4>\n\n\n\n<p><a href=\"https:\/\/pasjeoli.pl\/index.php\/2022\/07\/10\/eter\/\" target=\"_blank\" rel=\"noreferrer noopener\">Eter <\/a>&#8211; k\u00f3\u0142ko i krzy\u017cyk na sterydach<\/p>\n\n\n\n<p><a href=\"https:\/\/pasjeoli.pl\/index.php\/2020\/06\/16\/elekt-to-klimatyczna-gra-karciana\/\" target=\"_blank\" rel=\"noreferrer noopener\">Elekt<\/a> czyli jak zdoby\u0107 tron Cesarstwa<\/p>\n\n\n\n<p><a href=\"https:\/\/pasjeoli.pl\/index.php\/2020\/06\/24\/fishbone-czy-rybka-lubi-plywac\/\" target=\"_blank\" aria-label=\"undefined (opens in a new tab)\" rel=\"noreferrer noopener\">Fishbone &#8211; czy rybka lubi p\u0142ywa\u0107?<\/a> Rzut oka na Maracaibo, Stworologi\u0119 i Tiny Epic: Mechs.<\/p>\n\n\n\n<p><a href=\"https:\/\/pasjeoli.pl\/index.php\/2020\/12\/13\/poczta-planszowkowa-edycja-2020\/\" target=\"_blank\" rel=\"noreferrer noopener\">Poczta Plansz\u00f3wkowa &#8211; edycja 2020<\/a> czyli Pierwsza gra &#8211; Zwierz\u0105tka, Na ko\u0144cu j\u0119zyka, Pandemic: Szybka reakcja i Western Legends<\/p>\n\n\n\n<p><a href=\"https:\/\/pasjeoli.pl\/index.php\/2020\/09\/12\/poczta-planszowkowa-zagraj-zanim-kupisz\/\" target=\"_blank\" rel=\"noreferrer noopener\">Poczta Plansz\u00f3wkowa &#8211; zagraj zanim kupisz<\/a> czyli Europa w 10 dni, Wiem lepiej i Wielka Wystawa Dinozaur\u00f3w<\/p>\n\n\n\n<p><a rel=\"noreferrer noopener\" href=\"https:\/\/pasjeoli.pl\/index.php\/2020\/06\/08\/potwory-atakuja-czyli-banda-stworow-i-straznicy-kosmosu\/\" target=\"_blank\">Potwory atakuj\u0105<\/a> czyli Banda stwor\u00f3w i Stra\u017cnicy kosmosu<\/p>\n","protected":false},"excerpt":{"rendered":"<p>Wpisy oznaczone &#8222;Z mojej kolekcji&#8221; to takie gry planszowe, kt\u00f3re s\u0105 u mnie na p\u00f3\u0142ce, zakupione, wygrane, otrzymane w prezencie, kt\u00f3re lubi\u0119, chc\u0119 mie\u0107 w swojej kolekcji, ch\u0119tnie w nie gram i z przyjemno\u015bci\u0105 polec\u0119 je innym. Alfabetyczny spis opisanych gier z mojej kolekcji 7 smok\u00f3w Alhambra Blue Moon City Boarding Carcassonne: Mayflower Century: Korzenny szlak Dolina Nilu Gram z Grann\u0105 czyli Kopciuszek, Cud mi\u00f3d, Dzie\u0144 Bobry i Jungle Boogie Gram w zielone czyli Sprytny lisek, Zjedz mnie! i Dolina kr\u00f3lik\u00f3w Hotel &#8211; rozlokuj upiornych go\u015bci w hotelowych pokojach Ishtar [&hellip;]<\/p>\n","protected":false},"author":1,"featured_media":1070,"parent":0,"menu_order":0,"comment_status":"closed","ping_status":"closed","template":"","meta":{"footnotes":""},"yoast_head":"<!-- This site is optimized with the Yoast SEO plugin v23.4 - https:\/\/yoast.com\/wordpress\/plugins\/seo\/ -->\n<title>GRY PLANSZOWE | Pasje Oli<\/title>\n<meta name=\"description\" content=\"&quot;Z mojej kolekcji&quot; to takie gry planszowe, kt\u00f3re lubi\u0119, chc\u0119 mie\u0107 w swojej kolekcji, ch\u0119tnie w nie gram i polec\u0119 je innym.\" \/>\n<meta name=\"robots\" content=\"index, follow, max-snippet:-1, max-image-preview:large, max-video-preview:-1\" \/>\n<link rel=\"canonical\" href=\"https:\/\/pasjeoli.pl\/index.php\/gry-planszowe\/\" \/>\n<meta property=\"og:locale\" content=\"pl_PL\" \/>\n<meta property=\"og:type\" content=\"article\" \/>\n<meta property=\"og:title\" content=\"GRY PLANSZOWE | Pasje Oli\" \/>\n<meta property=\"og:description\" content=\"&quot;Z mojej kolekcji&quot; to takie gry planszowe, kt\u00f3re lubi\u0119, chc\u0119 mie\u0107 w swojej kolekcji, ch\u0119tnie w nie gram i polec\u0119 je innym.\" \/>\n<meta property=\"og:url\" content=\"https:\/\/pasjeoli.pl\/index.php\/gry-planszowe\/\" \/>\n<meta property=\"og:site_name\" content=\"Pasje Oli\" \/>\n<meta property=\"article:publisher\" content=\"https:\/\/www.facebook.com\/PasjOla-Planszowa-104986327782886\" \/>\n<meta property=\"article:modified_time\" content=\"2023-08-20T17:00:07+00:00\" \/>\n<meta property=\"og:image\" content=\"http:\/\/pasjeoli.pl\/wp-content\/uploads\/2022\/04\/gry.png\" \/>\n\t<meta property=\"og:image:width\" content=\"364\" \/>\n\t<meta property=\"og:image:height\" content=\"337\" \/>\n\t<meta property=\"og:image:type\" content=\"image\/png\" \/>\n<meta name=\"twitter:card\" content=\"summary_large_image\" \/>\n<meta name=\"twitter:label1\" content=\"Szacowany czas czytania\" \/>\n\t<meta name=\"twitter:data1\" content=\"2 minuty\" \/>\n<script type=\"application\/ld+json\" class=\"yoast-schema-graph\">{\"@context\":\"https:\/\/schema.org\",\"@graph\":[{\"@type\":\"WebPage\",\"@id\":\"https:\/\/pasjeoli.pl\/index.php\/gry-planszowe\/\",\"url\":\"https:\/\/pasjeoli.pl\/index.php\/gry-planszowe\/\",\"name\":\"GRY PLANSZOWE | Pasje Oli\",\"isPartOf\":{\"@id\":\"https:\/\/pasjeoli.pl\/#website\"},\"primaryImageOfPage\":{\"@id\":\"https:\/\/pasjeoli.pl\/index.php\/gry-planszowe\/#primaryimage\"},\"image\":{\"@id\":\"https:\/\/pasjeoli.pl\/index.php\/gry-planszowe\/#primaryimage\"},\"thumbnailUrl\":\"https:\/\/pasjeoli.pl\/wp-content\/uploads\/2022\/04\/gry.png\",\"datePublished\":\"2020-04-18T17:21:18+00:00\",\"dateModified\":\"2023-08-20T17:00:07+00:00\",\"description\":\"\\\"Z mojej kolekcji\\\" to takie gry planszowe, kt\u00f3re lubi\u0119, chc\u0119 mie\u0107 w swojej kolekcji, ch\u0119tnie w nie gram i polec\u0119 je innym.\",\"breadcrumb\":{\"@id\":\"https:\/\/pasjeoli.pl\/index.php\/gry-planszowe\/#breadcrumb\"},\"inLanguage\":\"pl-PL\",\"potentialAction\":[{\"@type\":\"ReadAction\",\"target\":[\"https:\/\/pasjeoli.pl\/index.php\/gry-planszowe\/\"]}]},{\"@type\":\"ImageObject\",\"inLanguage\":\"pl-PL\",\"@id\":\"https:\/\/pasjeoli.pl\/index.php\/gry-planszowe\/#primaryimage\",\"url\":\"https:\/\/pasjeoli.pl\/wp-content\/uploads\/2022\/04\/gry.png\",\"contentUrl\":\"https:\/\/pasjeoli.pl\/wp-content\/uploads\/2022\/04\/gry.png\",\"width\":364,\"height\":337},{\"@type\":\"BreadcrumbList\",\"@id\":\"https:\/\/pasjeoli.pl\/index.php\/gry-planszowe\/#breadcrumb\",\"itemListElement\":[{\"@type\":\"ListItem\",\"position\":1,\"name\":\"Strona g\u0142\u00f3wna\",\"item\":\"https:\/\/pasjeoli.pl\/\"},{\"@type\":\"ListItem\",\"position\":2,\"name\":\"GRY PLANSZOWE\"}]},{\"@type\":\"WebSite\",\"@id\":\"https:\/\/pasjeoli.pl\/#website\",\"url\":\"https:\/\/pasjeoli.pl\/\",\"name\":\"Pasje Oli\",\"description\":\"Gry planszowe i ksi\u0105\u017cki - opisy, wra\u017cenia, recenzje\",\"publisher\":{\"@id\":\"https:\/\/pasjeoli.pl\/#\/schema\/person\/5170a61426bd1cff4c4c277af668c4ac\"},\"potentialAction\":[{\"@type\":\"SearchAction\",\"target\":{\"@type\":\"EntryPoint\",\"urlTemplate\":\"https:\/\/pasjeoli.pl\/?s={search_term_string}\"},\"query-input\":{\"@type\":\"PropertyValueSpecification\",\"valueRequired\":true,\"valueName\":\"search_term_string\"}}],\"inLanguage\":\"pl-PL\"},{\"@type\":[\"Person\",\"Organization\"],\"@id\":\"https:\/\/pasjeoli.pl\/#\/schema\/person\/5170a61426bd1cff4c4c277af668c4ac\",\"name\":\"PasjOla\",\"image\":{\"@type\":\"ImageObject\",\"inLanguage\":\"pl-PL\",\"@id\":\"https:\/\/pasjeoli.pl\/#\/schema\/person\/image\/\",\"url\":\"https:\/\/pasjeoli.pl\/wp-content\/uploads\/2022\/05\/PasjeOli4.png\",\"contentUrl\":\"https:\/\/pasjeoli.pl\/wp-content\/uploads\/2022\/05\/PasjeOli4.png\",\"width\":500,\"height\":500,\"caption\":\"PasjOla\"},\"logo\":{\"@id\":\"https:\/\/pasjeoli.pl\/#\/schema\/person\/image\/\"},\"description\":\"Jestem Ola, a moj\u0105 pasj\u0105 (no, jedn\u0105 z wielu) s\u0105 plansz\u00f3wki. W \u015bwiecie plansz\u00f3wkowym funkcjonuj\u0119 ponad 10 lat. Wszystko zacz\u0119\u0142o si\u0119 od po\u017cyczania gier od kolegi, a potem trafi\u0142am na jeden z pierwszych Pionk\u00f3w, organizowanych w MDK w Gliwicach. I plansz\u00f3wkowe hobby ca\u0142kowicie mnie wci\u0105gn\u0119\u0142o. Nadal, je\u015bli tylko mog\u0119, to je\u017cd\u017c\u0119 na konwenty, gdzie grywam nie tylko w zapowiedzi wydawnicze. Na Facebook'u wyst\u0119puj\u0119 jako PasjOla Planszowa. Znajdziecie mnie te\u017c na Instagramie jako OlaDanInsta Lubi\u0119 poznawa\u0107 nowe gry, ale ch\u0119tnie te\u017c wracam do starszych, sprawdzonych tytu\u0142\u00f3w, wi\u0119c bawi\u0119 si\u0119 z GRAnatowa Czelend\u017c i dzia\u0142am w kapitule tej grupy. A w 2020 roku do\u0142\u0105czy\u0142am do Kapitu\u0142y przyznaj\u0105cej presti\u017cow\u0105 nagrod\u0119: Planszowa Gra Roku. My\u015bl\u0119, \u017ce jakie\u015b do\u015bwiadczenie w plansz\u00f3wkach mam, wi\u0119c ch\u0119tnie si\u0119 moj\u0105 wiedz\u0105 i przemy\u015bleniami z Wami podziel\u0119. Zapraszam do czytania i komentowania \ud83d\ude0a\",\"sameAs\":[\"http:\/\/pasjeoli.pl\",\"https:\/\/www.facebook.com\/PasjOla-Planszowa-104986327782886\",\"https:\/\/instagram.com\/oladaninsta\"]}]}<\/script>\n<!-- \/ Yoast SEO plugin. -->","yoast_head_json":{"title":"GRY PLANSZOWE | Pasje Oli","description":"\"Z mojej kolekcji\" to takie gry planszowe, kt\u00f3re lubi\u0119, chc\u0119 mie\u0107 w swojej kolekcji, ch\u0119tnie w nie gram i polec\u0119 je innym.","robots":{"index":"index","follow":"follow","max-snippet":"max-snippet:-1","max-image-preview":"max-image-preview:large","max-video-preview":"max-video-preview:-1"},"canonical":"https:\/\/pasjeoli.pl\/index.php\/gry-planszowe\/","og_locale":"pl_PL","og_type":"article","og_title":"GRY PLANSZOWE | Pasje Oli","og_description":"\"Z mojej kolekcji\" to takie gry planszowe, kt\u00f3re lubi\u0119, chc\u0119 mie\u0107 w swojej kolekcji, ch\u0119tnie w nie gram i polec\u0119 je innym.","og_url":"https:\/\/pasjeoli.pl\/index.php\/gry-planszowe\/","og_site_name":"Pasje Oli","article_publisher":"https:\/\/www.facebook.com\/PasjOla-Planszowa-104986327782886","article_modified_time":"2023-08-20T17:00:07+00:00","og_image":[{"width":364,"height":337,"url":"http:\/\/pasjeoli.pl\/wp-content\/uploads\/2022\/04\/gry.png","type":"image\/png"}],"twitter_card":"summary_large_image","twitter_misc":{"Szacowany czas czytania":"2 minuty"},"schema":{"@context":"https:\/\/schema.org","@graph":[{"@type":"WebPage","@id":"https:\/\/pasjeoli.pl\/index.php\/gry-planszowe\/","url":"https:\/\/pasjeoli.pl\/index.php\/gry-planszowe\/","name":"GRY PLANSZOWE | Pasje Oli","isPartOf":{"@id":"https:\/\/pasjeoli.pl\/#website"},"primaryImageOfPage":{"@id":"https:\/\/pasjeoli.pl\/index.php\/gry-planszowe\/#primaryimage"},"image":{"@id":"https:\/\/pasjeoli.pl\/index.php\/gry-planszowe\/#primaryimage"},"thumbnailUrl":"https:\/\/pasjeoli.pl\/wp-content\/uploads\/2022\/04\/gry.png","datePublished":"2020-04-18T17:21:18+00:00","dateModified":"2023-08-20T17:00:07+00:00","description":"\"Z mojej kolekcji\" to takie gry planszowe, kt\u00f3re lubi\u0119, chc\u0119 mie\u0107 w swojej kolekcji, ch\u0119tnie w nie gram i polec\u0119 je innym.","breadcrumb":{"@id":"https:\/\/pasjeoli.pl\/index.php\/gry-planszowe\/#breadcrumb"},"inLanguage":"pl-PL","potentialAction":[{"@type":"ReadAction","target":["https:\/\/pasjeoli.pl\/index.php\/gry-planszowe\/"]}]},{"@type":"ImageObject","inLanguage":"pl-PL","@id":"https:\/\/pasjeoli.pl\/index.php\/gry-planszowe\/#primaryimage","url":"https:\/\/pasjeoli.pl\/wp-content\/uploads\/2022\/04\/gry.png","contentUrl":"https:\/\/pasjeoli.pl\/wp-content\/uploads\/2022\/04\/gry.png","width":364,"height":337},{"@type":"BreadcrumbList","@id":"https:\/\/pasjeoli.pl\/index.php\/gry-planszowe\/#breadcrumb","itemListElement":[{"@type":"ListItem","position":1,"name":"Strona g\u0142\u00f3wna","item":"https:\/\/pasjeoli.pl\/"},{"@type":"ListItem","position":2,"name":"GRY PLANSZOWE"}]},{"@type":"WebSite","@id":"https:\/\/pasjeoli.pl\/#website","url":"https:\/\/pasjeoli.pl\/","name":"Pasje Oli","description":"Gry planszowe i ksi\u0105\u017cki - opisy, wra\u017cenia, recenzje","publisher":{"@id":"https:\/\/pasjeoli.pl\/#\/schema\/person\/5170a61426bd1cff4c4c277af668c4ac"},"potentialAction":[{"@type":"SearchAction","target":{"@type":"EntryPoint","urlTemplate":"https:\/\/pasjeoli.pl\/?s={search_term_string}"},"query-input":{"@type":"PropertyValueSpecification","valueRequired":true,"valueName":"search_term_string"}}],"inLanguage":"pl-PL"},{"@type":["Person","Organization"],"@id":"https:\/\/pasjeoli.pl\/#\/schema\/person\/5170a61426bd1cff4c4c277af668c4ac","name":"PasjOla","image":{"@type":"ImageObject","inLanguage":"pl-PL","@id":"https:\/\/pasjeoli.pl\/#\/schema\/person\/image\/","url":"https:\/\/pasjeoli.pl\/wp-content\/uploads\/2022\/05\/PasjeOli4.png","contentUrl":"https:\/\/pasjeoli.pl\/wp-content\/uploads\/2022\/05\/PasjeOli4.png","width":500,"height":500,"caption":"PasjOla"},"logo":{"@id":"https:\/\/pasjeoli.pl\/#\/schema\/person\/image\/"},"description":"Jestem Ola, a moj\u0105 pasj\u0105 (no, jedn\u0105 z wielu) s\u0105 plansz\u00f3wki. W \u015bwiecie plansz\u00f3wkowym funkcjonuj\u0119 ponad 10 lat. Wszystko zacz\u0119\u0142o si\u0119 od po\u017cyczania gier od kolegi, a potem trafi\u0142am na jeden z pierwszych Pionk\u00f3w, organizowanych w MDK w Gliwicach. I plansz\u00f3wkowe hobby ca\u0142kowicie mnie wci\u0105gn\u0119\u0142o. Nadal, je\u015bli tylko mog\u0119, to je\u017cd\u017c\u0119 na konwenty, gdzie grywam nie tylko w zapowiedzi wydawnicze. Na Facebook'u wyst\u0119puj\u0119 jako PasjOla Planszowa. Znajdziecie mnie te\u017c na Instagramie jako OlaDanInsta Lubi\u0119 poznawa\u0107 nowe gry, ale ch\u0119tnie te\u017c wracam do starszych, sprawdzonych tytu\u0142\u00f3w, wi\u0119c bawi\u0119 si\u0119 z GRAnatowa Czelend\u017c i dzia\u0142am w kapitule tej grupy. A w 2020 roku do\u0142\u0105czy\u0142am do Kapitu\u0142y przyznaj\u0105cej presti\u017cow\u0105 nagrod\u0119: Planszowa Gra Roku. My\u015bl\u0119, \u017ce jakie\u015b do\u015bwiadczenie w plansz\u00f3wkach mam, wi\u0119c ch\u0119tnie si\u0119 moj\u0105 wiedz\u0105 i przemy\u015bleniami z Wami podziel\u0119. Zapraszam do czytania i komentowania \ud83d\ude0a","sameAs":["http:\/\/pasjeoli.pl","https:\/\/www.facebook.com\/PasjOla-Planszowa-104986327782886","https:\/\/instagram.com\/oladaninsta"]}]}},"_links":{"self":[{"href":"https:\/\/pasjeoli.pl\/index.php\/wp-json\/wp\/v2\/pages\/91"}],"collection":[{"href":"https:\/\/pasjeoli.pl\/index.php\/wp-json\/wp\/v2\/pages"}],"about":[{"href":"https:\/\/pasjeoli.pl\/index.php\/wp-json\/wp\/v2\/types\/page"}],"author":[{"embeddable":true,"href":"https:\/\/pasjeoli.pl\/index.php\/wp-json\/wp\/v2\/users\/1"}],"replies":[{"embeddable":true,"href":"https:\/\/pasjeoli.pl\/index.php\/wp-json\/wp\/v2\/comments?post=91"}],"version-history":[{"count":29,"href":"https:\/\/pasjeoli.pl\/index.php\/wp-json\/wp\/v2\/pages\/91\/revisions"}],"predecessor-version":[{"id":2930,"href":"https:\/\/pasjeoli.pl\/index.php\/wp-json\/wp\/v2\/pages\/91\/revisions\/2930"}],"wp:featuredmedia":[{"embeddable":true,"href":"https:\/\/pasjeoli.pl\/index.php\/wp-json\/wp\/v2\/media\/1070"}],"wp:attachment":[{"href":"https:\/\/pasjeoli.pl\/index.php\/wp-json\/wp\/v2\/media?parent=91"}],"curies":[{"name":"wp","href":"https:\/\/api.w.org\/{rel}","templated":true}]}}